e highest common factor of i and b?
1
Suppose -189 = -0*r - 3*r. Suppose 33 = 5*p - 12. Calculate the highest common divisor of p and r.
9
Let f = -53 - -131. Let s(v) = -v**2 + 18*v - 28. Let q be s(8). What is the greatest common factor of f and q?
26
Let o(t) = -1 + 1 + 2 - t. Let y be o(-4). What is the highest common divisor of 24 and y?
6
Suppose 6*h - 3*h - 48 = 0. Suppose -2*z - 2*m = -h, -7*z + 3*z - 5*m + 36 = 0. Suppose -z*l + 220 = -0*l. Calculate the highest common factor of l and 5.
5
Suppose 0 = 4*f - 43 + 11. Calculate the highest common divisor of f and 20.
4
Let f = 35 + -21. Let q(j) = 2*j**3 + 2*j**2 - 2*j + 1. Let v be q(2). Calculate the greatest common divisor of v and f.
7
Let u = 58 + -37. What is the highest common divisor of u and 35?
7
Let z = -24 + 32. Let i be 14*(4/z)/1. Calculate the greatest common factor of i and 28.
7
Let g = 45 + -25. What is the greatest common divisor of g and 100?
20
Let q(w) = w**2 + 5*w - 3. Let s be q(-6). Let l = 1 + s. Let i = -3 + l. What is the highest common divisor of 11 and i?
1
Let c = -9 - -6. Let m = c + 8. Suppose m*v - 36 = 2*v. What is the greatest common divisor of 96 and v?
12
Let g(j) = -j**3 + 4*j**2 - 2*j + 6. Let r be g(3). Let q = -6 + r. Calculate the greatest common factor of q and 12.
3
Suppose -399 = -5*g - 29. What is the greatest common factor of g and 111?
37
Let m = 85 + 10. Let s = m - 65. Calculate the greatest common factor of s and 270.
30
Suppose 3*c + 4 = w + 83, c = 4*w + 41. Calculate the highest common divisor of c and 275.
25
Let d(j) = j**2 + 8*j + 7. Let w be d(-5). Let h = 10 + w. What is the highest common factor of 5 and h?
1
Let h(f) = 0*f + 0*f + f. Suppose -5*n + 12 = -n. Let p be h(n). What is the highest common factor of 15 and p?
3
Let x(m) = 25*m**3 + 4*m**2 - 3*m. Let t be x(2). Calculate the highest common factor of t and 42.
42
Suppose 7*a - 20 = 3*a. Suppose a*v + 0*v = 80. Calculate the highest common factor of 4 and v.
4
Let o be 0 - (0 - 6)/(-3). Let p(m) = m**2 + 2*m + 1. Let a be p(o). Suppose -a + 15 = 2*c. Calculate the greatest common divisor of c and 1.
1
Let c be 5 - 110/(-15) - 2/6. What is the greatest common divisor of 96 and c?
12
Suppose 9*c = 5*c + 92. Calculate the greatest common divisor of 115 and c.
23
Suppose 4*g - 68 + 16 = 0. Let d = -101 - -244. Calculate the greatest common factor of d and g.
13
Suppose 2*w + 3 = 3*p + 33, -4*w + p + 60 = 0. Calculate the highest common factor of 10 and w.
5
Suppose -13*g + 63 = -327. What is the greatest common factor of 30 and g?
30
Suppose -4*w = 4*u - 3*u + 231, -2*w = -u + 117. Let g = w + 218. Let a = g - 95. What is the highest common divisor of a and 26?
13
Let j be (5 - (2 + 0))*-15. Let c = 63 + j. Let t be (c - (-3 - -2)) + -1. Calculate the greatest common factor of 2 and t.
2
Let q(h) = h + 4. Let l be q(5). Let f(i) be the second derivative of -i**3/6 + 5*i**2 + 2*i. Let v be f(4). Calculate the greatest common factor of v and l.
3
Suppose 0 = -2*x + 10, 3*m - 3*x + 24 = 63. Suppose 31*f - 51*f = -3240. What is the highest common factor of m and f?
18
Let u(j) = -25*j. Let h be u(-2). Suppose -4*b = b - h. What is the highest common factor of 90 and b?
10
Suppose 2*o = -0*o + 8. Suppose -2*r - r = -12. Suppose -26 = -r*v + a + 3, 0 = 5*v - o*a - 50. Calculate the highest common factor of v and 3.
3
Let w be 24/(-1 - 19/(-16)). What is the greatest common divisor of 16 and w?
16
Let z = -7 + 39. What is the highest common divisor of z and 16?
16
Suppose 5*b = 2*b + 9. Calculate the greatest common factor of b and 15.
3
Suppose 0 = 2*t - 3*l - 34 - 95, -3*t - 3*l + 171 = 0. Suppose -t = -3*o - n + 3*n, 4*o + 3*n = 97. What is the highest common factor of 66 and o?
22
Let y be -1 + 27/15 - (-161)/5. Calculate the highest common factor of 165 and y.
33
Let t be ((-2)/(-7))/(10 + (-345)/35). Suppose 0 = 3*a + 10 - 1. Let r be 3/9 - 65/a. What is the greatest common factor of r and t?
2
Let k(q) = -q**3 - 9*q**2 + 7*q + 6. Let z be k(-10). Calculate the greatest common divisor of z and 4.
4
Let r = -246 + 66. Let u = -105 - r. Let i = 40 - 10. Calculate the greatest common divisor of u and i.
15
Let j be 4*(3 + 5/20). What is the greatest common divisor of 13 and j?
13
Suppose -176 = -2*p + 4*w, -4*p - 3*w + 308 = -0*p. Calculate the highest common divisor of p and 30.
10
Let s(f) = -30*f + 10. Let i be s(-2). Calculate the greatest common divisor of 105 and i.
35
Suppose -t - 3*t = 4*d - 48, -5*d - 50 = -5*t. Suppose i - 22 = -2*b - b, -i = -2*b - 22. What is the highest common divisor of i and t?
11
Let c(y) = 3*y**2 + 11. Let h(t) = 2*t**2 + 7. Let x(u) = 5*c(u) - 7*h(u). Let r be x(0). What is the greatest common factor of r and 30?
6
Let w(b) = 5*b**2 + 4*b - 1. Let g be w(-5). What is the highest common factor of g and 52?
52
Suppose -3*c + 2*f = -64, 3*c + 5*f + 0*f - 29 = 0. Calculate the greatest common divisor of c and 54.
18
Let x be 28/(-6)*(-21 + 0). Suppose 58 = 5*r - 4*z, 4*z = -4*r + 3*r + 26. What is the highest common divisor of r and x?
14
Let n = 43 - -26. Suppose 2*c - 4*b = 2, -c + 4*b - b = 0. Suppose -3*m + 3*o + 37 = -35, -c*m = -2*o - n. Calculate the greatest common factor of m and 14.
7
Let p(b) be the first derivative of b**2/2 + 5*b - 1. Let d be p(10). What is the highest common factor of d and 165?
15
Let g be (-430)/(-30) + 2/3. What is the highest common factor of g and 10?
5
Let r be 0 - ((0 - -2) + -6). Let f be (-32)/(-18) - r/(-18). Suppose f*d - 4*y - 10 = 0, d - 2*y - y = 6. Calculate the greatest common divisor of d and 2.
1
Let b = 68 + -20. Let h be (72/84)/(58/28 + -2). Calculate the greatest common divisor of h and b.
12
Let y(x) = 17*x**2 - x + 4. Let z be y(2). Calculate the highest common divisor of 28 and z.
14
Suppose -45 = 5*p - 4*p. Let o = -20 - p. Let j = o - -7. What is the greatest common factor of 8 and j?
8
Let y be (-3 - -2) + 11 + 0. What is the highest common divisor of y and 20?
10
Suppose u = -2*q + 24, 2*u - 2*q - 41 = q. Calculate the greatest common divisor of 176 and u.
22
Suppose 0 = -3*h - 4*y + 146, -3*y - 5 = -4*y. Calculate the greatest common factor of h and 6.
6
Let a(q) = q**3 + 10*q**2 - q - 12. Let r be a(-10). Let n be (-6)/(-4)*(-4)/(-2). Let i be 11 - r/n*3. What is the greatest common factor of 39 and i?
13
Suppose -3*s = 16 - 28. Calculate the highest common divisor of 10 and s.
2
Let v(u) = -9*u. Let p be (1 + -5 + 3)*3. Let f(g) = g**3 + 2*g**2 - 3*g - 2. Let j be f(p). Let o be v(j). Calculate the highest common divisor of o and 72.
18
Suppose -h + 9 = -111. What is the highest common factor of h and 24?
24
Let d(w) = w + 5. Let t be d(-4). Calculate the greatest common factor of t and 7.
1
Let d be 7/((-1 + 5)/12). Suppose 0 = -2*a - a + 21. Calculate the greatest common factor of d and a.
7
Let d(x) = -3*x + 4. Let g be d(-8). Let h = 22 + -8. What is the highest common divisor of g and h?
14
Let c be 4 - (-3)/(-1 - 0). Let s = -2 - -4. Suppose 2*i + s = 4*i. What is the greatest common factor of i and c?
1
Let w be 12/10*(220/(-3))/(-2). Calculate the highest common divisor of 396 and w.
44
Let m(z) = 45*z**3. Let x be m(1). Suppose -2*c - 2 = -3*c. Suppose c*p - 3*p - 4*k = 3, 2*p - 8 = -k. Calculate the highest common divisor of p and x.
5
Suppose -7*n + 3*n = -32. Calculate the highest common divisor of n and 8.
8
Suppose -y + 19 = 6. Let j = y + -3. Suppose 2*v - 2*h - 25 = -3*h, 3*v - j = 4*h. What is the highest common divisor of v and 40?
10
Suppose 6 = 3*o - 3. Suppose 1 = s - o. Suppose 35 = h + 2*n, 3*h - 105 = -s*n - n. Calculate the greatest common divisor of 5 and h.
5
Let c = 292 + -172. What is the highest common factor of 30 and c?
30
Suppose 5*i = -4*k + 275, 4*k = -3*i + 344 - 75. Suppose 5*u = 6*u - p - k, 4 = 4*p. Let f = 16 - 10. Calculate the highest common divisor of u and f.
6
Suppose 0 = -3*k + 13 + 23. What is the highest common factor of 6 and k?
6
Let u = 56 + -47. Calculate the greatest common factor of u and 6.
3
Suppose 2*h + 3*h = 5. What is the greatest common factor of h and 12?
1
Let q(b) be the first derivative of -b**3/3 - 5*b**2/2 + 7*b - 4. Let j be q(-5). What is the highest common factor of 1 and j?
1
Let a = 18 - 12. What is the highe